{"id":4935,"date":"2019-11-09T10:20:49","date_gmt":"2019-11-09T10:20:49","guid":{"rendered":"https:\/\/mutdidact.com\/?page_id=4935"},"modified":"2019-11-09T10:20:49","modified_gmt":"2019-11-09T10:20:49","slug":"domaines-dintervention","status":"publish","type":"page","link":"https:\/\/mutdidact.com\/?page_id=4935","title":{"rendered":"Domaines d&rsquo;intervention"},"content":{"rendered":"<div data-id='initial-content-section' data-export-id='initial-content-section' data-label='Initial Content' id='initial-content-section' class='content-section content-section-spacing'>\n   <div class='gridContainer'>\n     <div class='row'>\n\n        <div class='col-xs-12 col-sm-12'>                <p><\/p>\n<blockquote class=\"wp-block-quote is-layout-flow wp-block-quote-is-layout-flow\"><p><\/p>\n<p><strong>DEVELOPPEMENT DES ORGANISATIONS<\/strong><\/p>\n<p><\/p>\n<p><\/p>\n<p>D\u00e9marche qualit\u00e9 ISO\u20089001 ET HAS, r\u00e9organisation des processus et des projets, management des risques psychosociaux.<\/p>\n<p><\/p>\n<p><\/p>\n<p><strong>D\u00c9VELOPPEMENT DU MANAGEMENT<\/strong><\/p>\n<p><\/p>\n<p><\/p>\n<p>Conduite du changement, formation de formateurs, impl\u00e9mentation d\u2019outils de CRM.<\/p>\n<p><\/p>\n<p><\/p>\n<p><strong>D\u00c9VELOPPEMENT DES RESSOURCES HUMAINES<\/strong><\/p>\n<p><\/p>\n<p><\/p>\n<p>Ing\u00e9nierie de la formation, pilotage de projets blended-learning et mobile-learning.<\/p>\n<p><\/p><\/blockquote>\n<p><\/p>\n<p><\/p>\n<p>Chaque organisme est confront\u00e9 \u00e0 des march\u00e9s en mutation, de nouvelles l\u00e9gislations, de nouveaux enjeux.<\/p>\n<p><\/p>\n<p><\/p>\n<p>La flexibilit\u00e9 et la performance sont devenues une n\u00e9cessit\u00e9 quotidienne.<\/p>\n<p><\/p>\n<p><\/p>\n<p><strong>AndrisProject <\/strong>appuie ses interventions sur :<\/p>\n<p><\/p>\n<p><\/p>\n<ul class=\"wp-block-list\"><\/p>\n<li>Les <strong>r\u00e9alit\u00e9s de votre entreprise, <\/strong>de votre<strong> \u00e9tablissement de sant\u00e9 <\/strong>et de leur <strong>environnement <\/strong>respectif,<\/li>\n<p><\/p>\n<p><\/p>\n<li><strong>Vos choix strat\u00e9giques.<\/strong><\/li>\n<p><\/ul>\n<p><\/p>\n<p><\/p>\n<p>Elle regroupe des professionnels s\u00e9lectionn\u00e9s pour :<\/p>\n<p><\/p>\n<p><\/p>\n<p>\u2013 leur exp\u00e9rience confirm\u00e9e du terrain et leur aptitude \u00e0 conduire<br \/>\ndes projets d\u2019entreprise, \u00e0 accompagner des PME comme de grands groupes<br \/>\nen situation d\u2019\u00e9volution.<\/p>\n<p><\/p>\n<p><\/p>\n<p>\u2013 leur pratique reconnue :<\/p>\n<p><\/p>\n<p><\/p>\n<ul class=\"wp-block-list\"><\/p>\n<li>Leurs comp\u00e9tences pour <strong>assister<\/strong> l\u2019entreprise dans la r\u00e9alisation de son projet. Ex : mise en place d\u2019une d\u00e9marche d\u2019am\u00e9lioration<\/li>\n<p><\/p>\n<p><\/p>\n<li>De la <strong>formation<\/strong> \u2013 intra-entreprise \u2013 avec transfert  de savoir-faire, apport de solutions andragogiques et mise en application directe sur le terrain.<\/li>\n<p><\/p>\n<p><\/p>\n<li>Du <strong>conseil<\/strong> : audit, analyse, recommandations, aide \u00e0  la r\u00e9flexion strat\u00e9gique, mod\u00e9lisation de processus, cr\u00e9ation et  ajustement d\u2019outils d\u2019aide au pilotage, \u00e0 la communication et \u00e0 la  vente, \u00a0<\/li>\n<p><\/ul>\n<p><\/p>\n<p><\/p>\n<p><\/p>\n<p><\/p>\n<p class=\"has-large-font-size\">Management de Transition \u2013 Int\u00e9rim Management<\/p>\n<p><\/p>\n<p><\/p>\n<p>Votre service Client doit \u00e9voluer rapidement et tr\u00e8s concr\u00e8tement ?<\/p>\n<p><\/p>\n<p><\/p>\n<p>Votre management doit prendre une nouvelle orientation ?<\/p>\n<p><\/p>\n<p><\/p>\n<p>Vous pr\u00e9parez l\u2019arriv\u00e9e d\u2019un nouveau manager ou vos managers isol\u00e9s ont besoin d\u2019\u00e9coute, de conseils ou de m\u00e9thodologie ?<\/p>\n<p><\/p>\n<p><\/p>\n<p><strong><em>Nous apportons des solutions concr\u00e8tes pour vos situations de changement ou d\u2019urgence.<\/em><\/strong><\/p>\n<p><\/p>\n<p><\/p>\n<p><em>Le management de transition s\u2019applique dans toute situation qui n\u00e9cessite d\u2019avoir un homme ou une femme de terrain, avec une comp\u00e9tence tr\u00e8s sp\u00e9cifique, pour une dur\u00e9e d\u00e9termin\u00e9e.<\/em><\/p>\n<p><\/p>\n<p><\/p>\n<blockquote class=\"wp-block-quote is-layout-flow wp-block-quote-is-layout-flow\"><p><\/p>\n<p>Dans un environnement en mouvement perp\u00e9tuel o\u00f9 le temps et la rentabilit\u00e9 sont des contraintes fortes pour l\u2019entreprise, le Management de transition ou Int\u00e9rim management s\u2019affirme comme une r\u00e9ponse rapide, flexible et efficace face \u00e0 de nombreuses situation.<\/p>\n<p><\/p><\/blockquote>\n<p><\/p>\n<p><\/p>\n<p>Par exemple :<\/p>\n<p><\/p>\n<p><\/p>\n<ul class=\"wp-block-list\"><\/p>\n<li>L\u2019accompagnement au changement (processus, outils, externalisation, internalisation \u2026)<\/li>\n<p><\/p>\n<p><\/p>\n<li>La gestion op\u00e9rationnelle d\u2019une crise ou d\u2019une urgence (forte augmentation des volumes, baisse de productivit\u00e9, qualit\u00e9 d\u00e9grad\u00e9e\u2026)<\/li>\n<p><\/p>\n<p><\/p>\n<li>L\u2019attente d\u2019un nouveau manager op\u00e9rationnel<\/li>\n<p><\/ul>\n<p><\/p>\n<p><\/p>\n<p>Pour vous permettre de r\u00e9ussir vos projets, de r\u00e9pondre \u00e0 vos attentes et d\u2019acc\u00e9l\u00e9rer vos transformations selon vos objectifs, nous vous apportons des solutions concr\u00e8tes.<\/p>\n<p><\/p>\n<p><\/p>\n<p>Nos \u00e9quipes, op\u00e9rationnels des services clients et centres d\u2019appels mettent \u00e0 votre disposition leurs comp\u00e9tences sur des postes de managers, formateurs, responsables de formation, responsables de site, direction des op\u00e9rations.<\/p>\n<p><\/p>\n<p><\/p>\n<p>Notre philosophie<\/p>\n<p><\/p>\n<p><\/p>\n<p><em>Le management de transition apporte une r\u00e9ponse sur-mesure pour :<\/em><\/p>\n<p><\/p>\n<p><\/p>\n<ul class=\"wp-block-list\"><\/p>\n<li>G\u00e9rer une situation exceptionnelle.<\/li>\n<p><\/p>\n<p><\/p>\n<li>Tester une organisation diff\u00e9rente ou des m\u00e9thodes d\u2019am\u00e9lioration.<\/li>\n<p><\/p>\n<p><\/p>\n<li>Accompagner de nouveaux managers.<\/li>\n<p><\/ul>\n<p><\/p>\n<p><\/p>\n<p><em>Nos prestations<\/em>&nbsp;:<\/p>\n<p><\/p>\n<p><\/p>\n<ul class=\"wp-block-list\"><\/p>\n<li>La maitrise des diff\u00e9rents postes en service clients<\/li>\n<p><\/p>\n<p><\/p>\n<li>Des consultants imm\u00e9diatement op\u00e9rationnels<\/li>\n<p><\/p>\n<p><\/p>\n<li>Des m\u00e9thodes concr\u00e8tes et pragmatiques<\/li>\n<p><\/p>\n<p><\/p>\n<li>Des actions imm\u00e9diatement applicables<\/li>\n<p><\/ul>\n<p><\/p>\n<p><\/p>\n<p><canvas width=\"200\" height=\"200\"><\/canvas><\/p>\n<p><\/p>\n\n          <\/div>\n      <\/div>\n  <\/div>\n<\/div>\n","protected":false},"excerpt":{"rendered":"<p>DEVELOPPEMENT DES ORGANISATIONS D\u00e9marche qualit\u00e9 ISO\u20089001 ET HAS, r\u00e9organisation des processus et des projets, management des risques psychosociaux. D\u00c9VELOPPEMENT DU MANAGEMENT Conduite du changement, formation de formateurs, impl\u00e9mentation d\u2019outils de CRM. D\u00c9VELOPPEMENT DES RESSOURCES HUMAINES Ing\u00e9nierie de la formation, pilotage de projets blended-learning et mobile-learning. Chaque organisme est confront\u00e9 \u00e0 des march\u00e9s en mutation, de&hellip; <br \/> <a class=\"read-more\" href=\"https:\/\/mutdidact.com\/?page_id=4935\">Lire la suite<\/a><\/p>\n","protected":false},"author":1,"featured_media":0,"parent":0,"menu_order":0,"comment_status":"open","ping_status":"open","template":"pro\/page-templates\/full-width-page.php","meta":{"pagelayer_contact_templates":[],"_pagelayer_content":"","footnotes":""},"class_list":["post-4935","page","type-page","status-publish","hentry"],"_links":{"self":[{"href":"https:\/\/mutdidact.com\/index.php?rest_route=\/wp\/v2\/pages\/4935","targetHints":{"allow":["GET"]}}],"collection":[{"href":"https:\/\/mutdidact.com\/index.php?rest_route=\/wp\/v2\/pages"}],"about":[{"href":"https:\/\/mutdidact.com\/index.php?rest_route=\/wp\/v2\/types\/page"}],"author":[{"embeddable":true,"href":"https:\/\/mutdidact.com\/index.php?rest_route=\/wp\/v2\/users\/1"}],"replies":[{"embeddable":true,"href":"https:\/\/mutdidact.com\/index.php?rest_route=%2Fwp%2Fv2%2Fcomments&post=4935"}],"version-history":[{"count":0,"href":"https:\/\/mutdidact.com\/index.php?rest_route=\/wp\/v2\/pages\/4935\/revisions"}],"wp:attachment":[{"href":"https:\/\/mutdidact.com\/index.php?rest_route=%2Fwp%2Fv2%2Fmedia&parent=4935"}],"curies":[{"name":"wp","href":"https:\/\/api.w.org\/{rel}","templated":true}]}}